e remainder when 257134 is divided by 76?
26
What is the remainder when 4718 is divided by 928?
78
Calculate the remainder when 41138 is divided by 44.
42
Calculate the remainder when 63109 is divided by 7888.
5
Calculate the remainder when 11410 is divided by 818.
776
What is the remainder when 1269243 is divided by 317310?
3
Calculate the remainder when 3336449 is divided by 1950.
1949
What is the remainder when 1485 is divided by 62?
59
What is the remainder when 7065223 is divided by 675?
673
Calculate the remainder when 340232 is divided by 267.
74
Calculate the remainder when 21236 is divided by 219.
212
What is the remainder when 42651 is divided by 42568?
83
What is the remainder when 66344 is divided by 572?
564
What is the remainder when 12545 is divided by 163?
157
Calculate the remainder when 225118 is divided by 420.
418
What is the remainder when 2228 is divided by 288?
212
Calculate the remainder when 913148 is divided by 182620.
48
What is the remainder when 206617 is divided by 117?
112
What is the remainder when 34200 is divided by 191?
11
What is the remainder when 186044 is divided by 46507?
16
What is the remainder when 95627 is divided by 158?
37
What is the remainder when 8409 is divided by 1618?
319
What is the remainder when 2645 is divided by 260?
45
What is the remainder when 5709 is divided by 28?
25
What is the remainder when 189713 is divided by 43?
40
What is the remainder when 8063 is divided by 8027?
36
What is the remainder when 2898499 is divided by 682?
681
Calculate the remainder when 103 is divided by 15.
13
Calculate the remainder when 8625 is divided by 1231.
8
Calculate the remainder when 889 is divided by 307.
275
Calculate the remainder when 9808 is divided by 1371.
211
Calculate the remainder when 10170 is divided by 932.
850
What is the remainder when 68032 is divided by 58?
56
Calculate the remainder when 364974 is divided by 45.
24
Calculate the remainder when 925317 is divided by 25.
17
What is the remainder when 603897 is divided by 61?
58
What is the remainder when 9482 is divided by 62?
58
What is the remainder when 6300 is divided by 28?
0
What is the remainder when 37410 is divided by 35?
30
Calculate the remainder when 676567 is divided by 225521.
4
What is the remainder when 83049 is divided by 54?
51
Calculate the remainder when 47877 is divided by 168.
165
Calculate the remainder when 7257 is divided by 80.
57
Calculate the remainder when 119252 is divided by 23.
20
What is the remainder when 11317 is divided by 1327?
701
Calculate the remainder when 956 is divided by 20.
16
Calculate the remainder when 114040 is divided by 479.
38
What is the remainder when 246551 is divided by 79?
71
Calculate the remainder when 11829 is divided by 408.
405
Calculate the remainder when 9679 is divided by 116.
51
What is the remainder when 9390 is divided by 50?
40
Calculate the remainder when 499212 is divided by 164.
160
What is the remainder when 16778 is divided by 5558?
104
What is the remainder when 139519 is divided by 586?
51
Calculate the remainder when 542 is divided by 53.
12
What is the remainder when 1198 is divided by 29?
9
What is the remainder when 122362 is divided by 103?
101
What is the remainder when 1633 is divided by 33?
16
What is the remainder when 11178 is divided by 29?
13
What is the remainder when 2295 is divided by 199?
106
What is the remainder when 400841 is divided by 180?
161
Calculate the remainder when 16356 is divided by 3269.
11
Calculate the remainder when 16765 is divided by 16499.
266
Calculate the remainder when 8503 is divided by 241.
68
What is the remainder when 42459 is divided by 11?
10
What is the remainder when 10333 is divided by 10321?
12
Calculate the remainder when 98284 is divided by 1170.
4
What is the remainder when 477156 is divided by 3384?
12
Calculate the remainder when 337494 is divided by 16.
6
Calculate the remainder when 215427 is divided by 587.
585
Calculate the remainder when 240712 is divided by 85.
77
Calculate the remainder when 153844 is divided by 198.
196
What is the remainder when 13674 is divided by 44?
34
What is the remainder when 485982 is divided by 15?
12
Calculate the remainder when 301900 is divided by 301900.
0
Calculate the remainder when 2590 is divided by 648.
646
Calculate the remainder when 203161 is divided by 203148.
13
What is the remainder when 77152 is divided by 21?
19
What is the remainder when 13280 is divided by 837?
725
What is the remainder when 2327 is divided by 43?
5
Calculate the remainder when 882 is divided by 184.
146
Calculate the remainder when 189380 is divided by 358.
356
What is the remainder when 159924 is divided by 816?
804
Calculate the remainder when 65 is divided by 11.
10
What is the remainder when 2742 is divided by 4?
2
Calculate the remainder when 1469 is divided by 100.
69
What is the remainder when 473 is divided by 80?
73
What is the remainder when 420445 is divided by 28029?
10
What is the remainder when 673082 is divided by 4740?
2
Calculate the remainder when 17780 is divided by 131.
95
Calculate the remainder when 515 is divided by 106.
91
Calculate the remainder when 120622 is divided by 24.
22
What is the remainder when 35050 is divided by 876?
10
Calculate the remainder when 380515 is divided by 1081.
3
What is the remainder when 1547 is divided by 84?
35
What is the remainder when 1028 is divided by 340?
8
Calculate the remainder when 126581 is divided by 145.
141
What is the remainder when 24089 is divided by 74?
39
Calculate the remainder when 2569 is divided by 659.
592
Calculate the remainder when 6794 is divided by 2221.
131
Calculate the remainder when 841593 is divided by 1052.
1045
What is the remainder when 6483 is divided by 6226?
257
Calculate the remainder when 4100 is divided by 78.
44
Calculate the remainder when 29749 is divided by 592.
149
What is the remainder when 337299 is divided by 340?
19
What is the remainder when 501 is divided by 82?
9
Calculate the remainder when 60235 is divided by 11.
10
Calculate the remainder when 5841988 is divided by 90.
88
What is the remainder when 111551 is divided by 173?
139
What is the remainder when 1876174 is divided by 909?
907
Calculate the remainder when 38315 is divided by 219.
209
Calculate the remainder when 9371 is divided by 537.
242
Calculate the remainder when 11282 is divided by 421.
336
Calculate the remainder when 15984 is divided by 73.
70
Calculate the remainder when 67767 is divided by 101.
97
Calculate the remainder when 44738 is divided by 2354.
12
Calculate the remainder when 1077 is divided by 1013.
64
Calculate the remainder when 19295 is divided by 429.
419
What is the remainder when 3589 is divided by 7?
5
Calculate the remainder when 24634 is divided by 14.
8
Calculate the remainder when 16517 is divided by 28.
25
What is the remainder when 7251 is divided by 91?
62
Calculate the remainder when 5637 is divided by 5272.
365
What is the remainder when 24723 is divided by 1?
0
Calculate the remainder when 628823 is divided by 84.
83
What is the remainder when 168627 is divided by 107?
102
What is the remainder when 3504345 is divided by 622?
619
What is the remainder when 7358 is divided by 49?
8
What is the remainder when 57524 is divided by 137?
121
Calculate the remainder when 23713 is divided by 524.
133
Calculate the remainder when 293253 is divided by 18.
15
Calculate the remainder when 12604 is divided by 45.
4
What is the remainder when 14560 is divided by 194?
10
Calculate the remainder when 304 is divided by 99.
7
What is the remainder when 247377 is divided by 11?
9
What is the remainder when 1437 is divided by 79?
15
What is the remainder when 51644 is divided by 114?
2
What is the remainder when 3253 is divided by 522?
121
Calculate the remainder when 19297 is divided by 2754.
19
Calculate the remainder when 8267 is divided by 2051.
63
Calculate the remainder when 4695 is divided by 147.
138
Calculate the remainder when 9808 is divided by 138.
10
Calculate the remainder when 3197 is divided by 190.
157
What is the remainder when 61102 is divided by 536?
534
What is the remainder when 9174 is divided by 248?
246
Calculate the remainder when 23232 is divided by 927.
57
What is the r